+ 7 + -11.
-1
What is the value of -4 - (5 - (10 + 6))?
7
-7 - -3 - (-7 + 5)
-2
Calculate 0 - (5 - 4) - 1 - 1.
-3
(-1 - (-2 + 2)) + -21 + 26
4
Calculate -5 - ((3 - 4) + 1).
-5
Calculate 1 - -1 - (0 + 7).
-5
Calculate 4 - (-11 - -8) - 15.
-8
(1 - (4 + -2) - -3) + 2
4
Evaluate -4 + (6 - 6 - -1) + -1.
-4
-11 - (-9 - -1) - (0 - 3)
0
-6 + (9 + -5 - 5) + 3
-4
What is 2 + 0 - (0 - 1) - 0?
3
What is 3 + 1 + -7 + 3?
0
What is (-1 - 1) + (-3 - (0 - 5))?
0
(-4 - -5 - 0) + 4
5
What is the value of (9 - (2 + 13)) + -1 + 1?
-6
What is 4 + -2 - (-2 + 2 + 1)?
1
Evaluate 8 + -2 + -1 + (3 - 5).
3
What is (-1 + 2 - 0) + -1?
0
What is 5 - (-8 + (-1 - -10))?
4
Evaluate 2 - (-3 + 0 - (5 - 7)).
3
Calculate (6 - 11) + 5 + 4 - 11.
-7
(-3 - -2) + -10 + -16 + 21
-6
(3 - 1) + 2 + 0 + -1
3
What is the value of 2 + -5 + 7 + (5 - 13)?
-4
What is -1 + -5 + 0 - (0 + -6)?
0
-3 + -1 - (-7 + 2)
1
Evaluate -6 + (16 + -4 + -7 - 2).
-3
What is 2 - (0 + 1 + 3)?
-2
0 + -2 - (6 - (10 + -2))
0
Evaluate 0 + 0 + (6 - 1).
5
What is (10 - (9 - 0)) + -1 + 8?
8
-10 + 5 + -12 + 12
-5
7 - 1 - (3 + (-7 - -8))
2
-2 - -3 - (-4 - (4 - 7))
2
Evaluate -5 + 2 - (3 - (-4 - -7)).
-3
What is -3 + (2 - (3 + -5))?
1
Calculate -1 + 1 + -4 + 7 + -4.
-1
2 - (3 + (0 - 6))
5
Evaluate 17 + -15 - (4 + -1) - -1.
0
What is the value of 4 - (1 + -12 + -2 + 8)?
9
What is the value of -6 + 8 - (2 - -1) - 1?
-2
What is the value of -3 - (-3 + -4) - 2?
2
What is the value of -1 - (-1 + (-3 - (2 - 6)))?
-1
What is the value of -14 + 15 + -1 + 2 - 0?
2
Evaluate (-1 - (5 + -2)) + 2 - -5.
3
(12 - 8) + -8 + 1
-3
Evaluate (4 - (1 - 3)) + -2.
4
Calculate 14 - 11 - (1 - 2).
4
7 - (6 - 1) - (4 - -1)
-3
What is 0 + (1 + 3 - 3)?
1
Evaluate -3 + (-6 - -5) + 6.
2
What is the value of 1 + -2 - (26 - 30)?
3
Calculate 4 + (-2 - 1 - -9).
10
What is the value of -7 + (-7 + 34 - 11)?
9
Calculate 3 - 3 - 1 - -1.
0
What is 3 + 3 + -3 + 2?
5
What is the value of -8 + 22 + -12 - (-6 + 1)?
7
What is the value of 0 + 1 - (44 + -39)?
-4
Evaluate -10 + (1 + -1 - (-8 - -5)).
-7
(5 - 5) + -2 - (1 + 1)
-4
What is the value of 1 + 9 - ((3 - 6) + 10)?
3
Calculate -5 + 4 + 3 + -6 + 13.
9
What is 3 - (5 - (6 - 2))?
2
4 + -7 - (-4 + (1 - 2))
2
(-1 - (-9 - (3 - 3))) + -3
5
Evaluate -8 + 6 - -10 - 11.
-3
What is -13 + 6 + 5 + (2 - -1)?
1
What is the value of 2 + -3 - -4 - (-3 + 3)?
3
-3 + (-4 - (-5 - 3)) + -5
-4
Calculate 13 + 1 - 17 - -10.
7
Evaluate 0 - (0 + (-4 - -8) - 5).
1
What is the value of -6 + -3 + 7 + 6?
4
Calculate 10 + -12 + (1 - -4) + -1.
2
What is the value of -3 + 7 - 3 - -4?
5
What is 7 - 2 - (-29 - -31)?
3
What is the value of 1 + 12 - (-48 + 52)?
9
-6 - (7 - 20) - 4
3
What is the value of 4 - 0 - 2 - 1?
1
What is 2 + 1 - (-10 + 18)?
-5
Evaluate -8 - (-8 + (10 - 6)).
-4
What is -4 + 7 + (-1 - 5)?
-3
-4 - 3 - (15 - 25)
3
What is the value of 6 - (-4 + 2 + 6)?
2
Evaluate 1 + -5 - (-6 - 5 - -9).
-2
What is (-4 - 2) + 30 + -19?
5
-100 - -91 - (-3 - -1)
-7
Evaluate 1 + (-3 - (-1 - 3)) - 2.
0
Calculate (-1 - 0 - -2) + (-8 - -9).
2
(-1 - 0) + (5 + -3 - 2)
-1
Evaluate -4 + (-3 - -4 - (-2 - -2)).
-3
What is the value of 4 + -3 + (-4 - -1)?
-2
Calculate -1 + 1 + 0 + (-17 - -21).
4
What is 2 - (0 - (-3 + 1))?
0
Calculate (10 - 7) + (-2 - (-2 - -7)).
-4
What is 2 + (7 - (4 + -6) - 4)?
7
What is the value of -3 - (-1 + (-3 - -3))?
-2
Calculate (1 + 2 - 3) + (-1 - 1).
-2
What is the value of 2 + -1 + -1 + 4?
4
What is -5 + (1 - -8) + (-4 - -2)?
2
6 - 2 - (-11 + 12)
3
What is 1 + (15 - (-1 - -5)) - 7?
5
Calculate 3 - ((6 - 6) + 1).
2
(-3 - (-1 + 1)) + 4 + 3
4
Calculate (-43 - -42) + (0 - -8) + -3.
4
What is 6 + -3 + -1 + -5?
-3
What is 0 + 2 + -3 - 2?
-3
2 - 2 - -1 - (1 - 1)
1
(-6 - -5) + 1 - (7 + 1)
-8
What is the value of (-3 - -4 - -3) + (8 - 7)?
5
What is -7 + 3 + (5 - 5)?
-4
What is -3 - (1 - (0 - (-3 - -2)))?
-3
What is the value of -4 + (0 - -3 - -2) + 5?
6
What is the value of -6 - (1 + -5) - (6 + -1)?
-7
0 + (7 + -2 - 3)
2
Calculate -7 + (5 - -6 - (0 + 2)).
2
Evaluate 5 + -2 + -1 - 2.
0
Calculate -6 + (-8 - -6) + 8.
0
Evaluate 4 + -7 - (-7 - (-1 - 1)).
2
What is (-1 - -6) + (7 - (10 - 1))?
3
-17 + 19 + -12 + 1 + 1
-8
What is the value of 4 + 0 - 9 - -9?
4
What is the value of -1 - (0 - 5 - -2) - 7?
-5
What is the value of -2 + (0 + 2 - 4)?
-4
(-4 - 0 - -2) + (-2 - 4)
-8
Evaluate -7 - (10 - 5 - 8).
-4
-4 - -5 - (11 - 11)
1
Calculate (1 - -4) + 0 + -13.
-8
18 + -2 + -13 - 10
-7
Calculate 4 - 1 - 7 - -9.
5
What is the value of -5 - -6 - (1 + 1)?
-1
Calculate 2 + (-4 - -3 - (4 + -2)).
-1
Calculate 2 - (-1 + (3 - 5) + 1).
4
Evaluate (0 - 10 - -2) + 3 + 0.
-5
What is 4 + (-1 - 3) + -5?
-5
-4 - (-4 + (-7 - -5))
2
Calculate 6 + (-14 - (-9 - -3)) + 0.
-2
What is (10 - 12) + 3 + 1 + -1?
1
-8 + 6 + 5 - 4
-1
-3 + -6 + 9 - -4
4
4 - (-1 + -4 + 4)
5
4 + (-4 - (-2 + 0 - 0))
2
What is the value of 7 + 1 + (8 - 17)?
-1
What is the value of 1 - (-5 + 2) - (7 + -3)?
0
What is -2 + (-9 + 9 - -4)?
2
What is the value of -4 + 8 + -8 - 1 - -6?
1
What is 6 + 3 + -10 + 4?
3
Calculate (-5 - -2) + (-5 + 7 - -4).
3
Evaluate -9 + 8 - (-3 - (-1 + 0)).
1
Evaluate (0 - 1) + (-7 - 0 - -10).
2
What is -5 - (-1 + (-4 - 5))?
5
What is the value of 3 + -15 + -3 + 7 - -4?
-4
What is 4 + -3 - (13 - 11)?
-1
What is the value of 0 - -1 - (0 - -1)?
0
What is (1 - 1) + (3 - -2)?
5
What is (-2 - (-4 - -6)) + -1 - -3?
-2
Evaluate 11 + -7 - (0 + -1).
5
What is 15 + -15 + 2 + (-4 - -1)?
-1
Evaluate (2 - -1) + (-5 + 2 - 4).
-4
What is -6 - (-1 - (4 + -8 - -7))?
-2
(1 - (5 + -7)) + (-7 - 1)
-5
What is -3 + -2 - (-4 + -2)?
1
Evaluate 31 - 22 - (1 - -1).
7
-3 + -5 + 8 - (3 + 0)
-3
Calculate -19 + 9 + -3 + 7.
-6
Evaluate (-1 - (-6 + 8)) + 2 - 3.
-4
What is -2 + (2 - -1) + (-3 - 0)?
-2
-2 + 7 + -8 - 0
-3
What is -5 + 10 + -8 - (0 + 1)?
-4
Calculate -6 - (0 - (3 + 1)).
-2
What is 4 + (5 - 11 - -11)?
9
What is the value of 4 + -4 + -4 + 10?
6
Evaluate -12 + 4 - (6 - 6).
-8
Evaluate -10 - -1 - (2 + (2 - 9)).
-4
What is the value of -3 + 5 + (-3 + 1 - 1)?
-1
Calculate (-7 - (-4 - -4)) + 12.
5
What is the value of -2 + 5 - (-22 - -32)?
-7
-24 + 4 + 9 - -4
-7
What is the value of (7 - 3 - 3) + 0?
1
What is the value of 6 - ((3 - -14) + -9 + 5)?
-7
Calculate (1 - (3 + -8)) + -6 - 6.
-6
What is -1 - (-1 + 4) - -8?
4
Evaluate (-4 + -3 + 6 - -5) + -3.
1
What is the value of (3 - 2) + 4 - 1?
4
Evaluate -4 - (-11 + (0 - -10)).
-3
What is the value of 6 - (0 + 0 + 2)?
4
What is the value of 11 + -11 + (-10 - -10)?
0
Evaluate -15 + 9 + -1 + 0.
-7
What is (18 - 20) + (0 - 3)?
-5
-2 - (-9 - -5 - -5)
-3
Calculate 3 + -8 - -3 - (-11 - -4).
5
What is -4 - (1 + 5 + -6)?
-4
(-6 - -7) + 2 + 2 + -7
-2
Evaluate 3 + -5 + 1 - 1.
-2
Calculate -3 + -1 + (3 + -13 - -9).
-5
What is -3 + 16 + 0 + (-6 - 0)?
7
What is the value of 2 + (3 - (1 - -2)) + -3?
-1
What is the value of 0 + 1 + (-19 - -18)?
0
What is the value of -2 + 1 + -1 - (-8 - -7)?
-1
0 - 1 - -1 - (177 + -183)
6
What is the value of 3 + (-3 + -2 - -10)?
8
What is the value of 5 + 9 + -21 + 12?
5
Evaluate 2 - 0 - (-10 + 5 - -1).
6
-8 - -11 - 2 - (-2 - -1)
2
Calculate 3 + 1 + 1 + -3.
2
What is 3 - (0 + (-1 + 0 - -4))?
0
Calculate 4 - (15 + -13 - (3 + 0)).
5
What is the value of 2 + (-1 - (0 - -3)) + 0?
-2
What is the value of 6 - (-1 + 5 + -2) - 7?
-3
What is (-7 - (-1 + -2)) + (5 - 2)?
-1
(3 - 6 - -1) + -2
-4
What is -8 + (-6 - -7) + 5?
-2
What is the value of (2 - 4) + (-1 + 4 - 6)?
-5
What is -4 + 4 + (-14 - -18)?
4
What is the value of -8 - (-1 - (12 - -4))?
9
Calculate (-5 - -2) + (6 + -2 - 5).
-4
What is 4 + -2 + -1 - (1 + 2)?
-2
Evaluate (-24 - (-11 + -10)) + (-4 - 0).
-7
Calculate 5 + (62 + -75 - (-6 + 0)).
-2
Calculate -8 + 6 + (7 - 2).
3
0 + -9 + 4 + -9 + 18
4
What is -3 - 1 - -4 - (-2 + 1)?
1
What is (5 - (9 + -7)) + -4 + -3?
-4
What is (-14 - (-13 - -7)) + 4?
-4
6 - (-3 - (-1 + -2 + -2))
4
-4 + 19 + (-5 - 3) + -2
5
Calculate (-2 - 4) + 9 + 2.
5
What is the value of (21 - 26) + (1 - -6)?
2
What is (9 - 5) + (-3 - -1) + 3?
5
What is 4 + -12 + 4 - (-3 + 4)?
-5
What is -5 - (-1 + 3 + (-4 - -1))?
-4
0 + -6 + (-5 - -6)
-5
Evaluate 3 + 0 + (1 - 12) + 9.
1
Evaluate -3 - ((-7 - 2) + -10 + 15).
1
What is the value of -86 - -79 - (1 + -5)?
-3
Calculate -3 - (5 + -8 + 2 + -4).
2
What is 3 - (5 + -3 + -3)?
4
What is the value of (6 - -3) + -3 + -8?
-2
Calculate 